{"id":531,"date":"2023-10-28T09:59:34","date_gmt":"2023-10-28T09:59:34","guid":{"rendered":"http:\/\/yoyovet.ro\/?page_id=531"},"modified":"2024-04-03T10:49:29","modified_gmt":"2024-04-03T10:49:29","slug":"hidroterapie-si-fizioterapie-canina","status":"publish","type":"page","link":"https:\/\/hidrovet.ro\/index.php\/hidroterapie-si-fizioterapie-canina\/","title":{"rendered":"Hidroterapie si fizioterapie canina"},"content":{"rendered":"\n<p>Fizioterapia este definit\u0103 ca utilizarea terapeutic\u0103 a agen\u021bilor sau mijloacelor fizice, cum ar fi masajul sau exerci\u021biile, pentru a trata diverse afec\u021biuni sau r\u0103ni. Este un adjuvant extrem de util in medicina uman\u0103 si veterinar\u0103. Scopul fizioterapiei este de a restabili mobilitatea\/func\u021bia si de a imbun\u0103t\u0103\u021bii calitatea<strong> <\/strong>vie\u021bii pacientului. Acest proces se realizeaz\u0103 prin stimularea procesului de vindecare pentru refacerea \u021besuturilor lezate, \u00eembun\u0103t\u0103\u021birea echilibrului\/rezisten\u021ba \u021besuturilor lezate \u0219i stabilizarea sistemelor cardiorespirator, neurologic si\u00a0 musculo-scheletic. <\/p>\n\n\n\n<p>Fizioterapia are, de asemenea, un rol important \u00een optimizarea performan\u021bei \u0219i prevenirea accident\u0103rilor la animalele de competi\u021bie \u0219i de lucru. Poate fi efectuat\u0103 pe orice animal, \u00eens\u0103 \u00een practic\u0103, majoritatea vor fi int\u00e2lnite pe animalele mici, \u00een spe\u0103a c\u00e2inii.<\/p>\n\n\n\n<p>Fizioterapia este adesea folosit\u0103 pentru a corecta complica\u021biile care ar fi putut ap\u0103rea \u00een urma interven\u021biei chirugicale ; cu toate acestea, daca sunt introduse devreme \u0219i \u00een mod adecvat, aceste complica\u021bii pot fi evitate.<\/p>\n\n\n\n<p>Modalit\u0103\u021bile, tehnicile de lucru, sunt entit\u0103\u021bi fizice utilizate ca parte a unui plan de tratament. Multe dintre acestea introduc o sursa de energie in organism pentru a stimula sau sus\u021bine procesul de vindecare. Acestea includ terapia manuala ( exercitii fizice) , termoterapia \u0219i crioterapia (aplicarea sau \u00eendep\u0103rtarea c\u0103ldurii), stimularea electrica a mu\u0219chilor (electricitate), terapia cu laser (lumina), terapia cu ultrasunete (sunetul), terapia cu camp electromagnetic pulsat (magnetism), terapia cu unde de soc extracorporale (presiunea) \u0219i hidroterapia (apa).<\/p>\n\n\n\n<p>Fizioterapia poate fi benefic\u0103 pentru animale \u00eentr-o gam\u0103 larg\u0103 de patologii. Fizioterapia este \u00eemp\u0103r\u021bit\u0103 \u00eentr-o mare varietate de specialit\u0103\u021bi. In medicina veterinara, putem identifica urmatoarele diviziuni: musculo-scheletice, respiratoria, ortopedice, neurologice, medicin\u0103 sportive, \u00eengrijirea geriatricilor, probleme de dezvoltare.<\/p>\n\n\n\n<p>In cadrul cabinetului nostru folosim terapia manuala, terapia prin stimularea electrica a muschiilor, terapia cu laser si hidroterapia.<\/p>\n","protected":false},"excerpt":{"rendered":"<p>Fizioterapia este definit\u0103 ca utilizarea terapeutic\u0103 a agen\u021bilor sau mijloacelor fizice, cum ar fi masajul sau exerci\u021biile, pentru a trata diverse afec\u021biuni sau r\u0103ni. Este un adjuvant extrem de util in medicina uman\u0103 si veterinar\u0103. Scopul fizioterapiei este de a restabili mobilitatea\/func\u021bia si de a imbun\u0103t\u0103\u021bii calitatea vie\u021bii pacientului. Acest proces se realizeaz\u0103 prin stimularea [&hellip;]<\/p>\n","protected":false},"author":1,"featured_media":0,"parent":0,"menu_order":0,"comment_status":"closed","ping_status":"closed","template":"","meta":{"footnotes":""},"_links":{"self":[{"href":"https:\/\/hidrovet.ro\/index.php\/wp-json\/wp\/v2\/pages\/531"}],"collection":[{"href":"https:\/\/hidrovet.ro\/index.php\/wp-json\/wp\/v2\/pages"}],"about":[{"href":"https:\/\/hidrovet.ro\/index.php\/wp-json\/wp\/v2\/types\/page"}],"author":[{"embeddable":true,"href":"https:\/\/hidrovet.ro\/index.php\/wp-json\/wp\/v2\/users\/1"}],"replies":[{"embeddable":true,"href":"https:\/\/hidrovet.ro\/index.php\/wp-json\/wp\/v2\/comments?post=531"}],"version-history":[{"count":3,"href":"https:\/\/hidrovet.ro\/index.php\/wp-json\/wp\/v2\/pages\/531\/revisions"}],"predecessor-version":[{"id":683,"href":"https:\/\/hidrovet.ro\/index.php\/wp-json\/wp\/v2\/pages\/531\/revisions\/683"}],"wp:attachment":[{"href":"https:\/\/hidrovet.ro\/index.php\/wp-json\/wp\/v2\/media?parent=531"}],"curies":[{"name":"wp","href":"https:\/\/api.w.org\/{rel}","templated":true}]}}